 = 0, c = 3*i - 5*g - 1 - 5. What is the units digit of i?
7
Let d = 117 - 7. What is the hundreds digit of d?
1
Suppose -113 = 2*x - 17. What is the tens digit of 12/16*4 - x?
5
Suppose 20 - 2 = v. What is the units digit of v?
8
Suppose -4*f + l = 0, 0*f + 4*l - 19 = -3*f. Let b(g) = -3*g + 0*g + 2*g - f. What is the units digit of b(-3)?
2
What is the units digit of (-7)/(42/(-4))*51?
4
Let w = -4 - -2. What is the tens digit of w/(-4) - 93/(-6)?
1
Let o = -4 - -2. Let d = -4 - o. What is the units digit of 2*(d - (-9)/2)?
5
Let p(s) = s**2 + 9*s + 4. Let i(m) = -m**2 - 9*m - 4. Let v(g) = 6*i(g) + 5*p(g). What is the tens digit of v(-4)?
1
Let b(r) = 188*r**3 - r**2 + r. What is the units digit of b(1)?
8
Let d = -23 - -38. What is the units digit of 5/d - (-26)/3?
9
Let g = -10 + 17. Suppose -2*t - 3*q + g*q - 12 = 0, -5*q + 45 = 5*t. Suppose -3 - t = -n. What is the units digit of n?
7
Suppose -3*o = -2 - 4. Suppose -10 = a - o*a. What is the tens digit of a?
1
Let o(z) be the third derivative of z**5/60 - z**4/24 + z**3/3 + 3*z**2. What is the units digit of o(-2)?
8
Let v = -19 - -153. What is the units digit of v?
4
Suppose 3 = 3*l - 0. Let g = 7 - l. Suppose 2*y - 26 = g. What is the tens digit of y?
1
Let v(h) = -2*h**2 - 6*h + 3. Let k be -3 + (-1 - (0 + 1)). Let t be v(k). Let o = t - -24. What is the units digit of o?
7
Let n(h) = -h - 5. Let q be 5/10 - 19/2. Let z be n(q). What is the units digit of (0 - (-18)/z)*2?
9
Suppose 5*n - 994 = 3*j + 743, 2*n + 4*j = 674. What is the tens digit of n?
4
Let r(f) = f**2 - 7*f - 13. What is the units digit of r(10)?
7
Let t be (0*(-2)/4)/(-1). Suppose -5*m = -t + 20. What is the units digit of (m/6)/((-8)/108)?
9
Let t = -10 - -17. Let a = t - 5. What is the units digit of a?
2
Suppose -s + 227 = 2*c, 0 = 4*c - 4*s + 3*s - 457. What is the units digit of c?
4
Let w(r) = 2*r**2 - 4*r - 6. Let f(t) = 8*t**2 - 17*t - 24. Let y(j) = -2*f(j) + 9*w(j). What is the tens digit of y(-5)?
5
Let g(l) = l**2 + 14*l + 8. Let n be g(-13). What is the tens digit of (-2)/2*(-34 - n)?
2
Let a(w) = -w**2 - 9*w - 4. Let t(f) = f**3 - 4*f**2 + 3*f - 4. Let y be t(3). Let u be y/18 - 156/27. What is the tens digit of a(u)?
1
Suppose -2*h - 44 = -158. What is the units digit of h?
7
Suppose 2*b = 2 + 4. Suppose -b = -2*h - 5. Let v(z) = -12*z**3 - 2*z - 1. What is the tens digit of v(h)?
1
Suppose -c = 2*c + 3. Let q be (10/(-6))/(c/3). Suppose -28 = a - q*a. What is the units digit of a?
7
Suppose -5*q - 5*t = -186 - 4, 2*q - 2*t = 64. What is the tens digit of q?
3
Suppose 2*u - 117 = -2*w + 95, -4*u + 2*w = -418. What is the units digit of (-6)/33 - u/(-33)?
3
Let g be (0 + 0)/((-14)/(-14)). Suppose g*u - 112 = -4*u. What is the units digit of u?
8
Let b(x) be the first derivative of x**3/3 + 2*x**2 + 5*x + 2. Let v(l) = -l**2 - 4*l. Let s be v(-5). What is the units digit of b(s)?
0
Let t be 1/((-6)/(-3) - 1). Let r(o) = -o - t - 2 + 1. What is the units digit of r(-8)?
6
Let c(p) = -5*p + 5. Let k(r) = -r + 1. Let s(j) = 6*c(j) - 34*k(j). What is the tens digit of s(5)?
1
Let z = 11 + -2. What is the units digit of ((-19)/3)/((-3)/z)?
9
Suppose -4*t + 5*i = -0 + 8, -4*t + 2*i = -4. Suppose t*s - 3 = -0*s. What is the units digit of s?
1
Suppose 2*g - 378 = -7*g. What is the units digit of g?
2
Let h(y) = -y + 3*y**2 + y**2 - 1 - 3*y**2. Let d(u) = 15*u + 15. Let b(v) = d(v) + 15*h(v). What is the units digit of b(1)?
5
Suppose -a + 4 = 5*w, -2*w - 3 = -4*a + 13. Suppose w = -5*z + 32 - 7. Suppose -37 = -4*m - z. What is the units digit of m?
8
Let l = 86 + -48. What is the tens digit of l?
3
Suppose 3*g = 5*c + 26 + 24, -2*g - 3*c + 65 = 0. What is the units digit of g?
5
Let j = 12 + -9. What is the units digit of j?
3
Let j = -66 - -105. What is the units digit of j?
9
Let f(z) be the first derivative of z**3/3 + 3*z**2 - 3*z - 4. Let r be f(-7). Suppose 6 = -g + r*p, 0 = g - 4*p + 3*p. What is the units digit of g?
2
Let b(m) = -m - 5. Let a be b(4). Let q = 8 - a. What is the tens digit of q?
1
Let t = 5 + -6. Let c(k) = 5*k**2 + 1. What is the units digit of c(t)?
6
Suppose 2*s - 1162 = -5*s. What is the tens digit of s?
6
Suppose 5*v + 0*v - 10 = -b, b = 5*v + 40. Suppose 2*u + 2*x = -3*u + 25, -b = -5*x. What is the units digit of u?
3
Suppose 0*q - 9 = -3*q. Suppose -4*t + y - 5*y = -36, -t = -3*y + q. Suppose -t*l + l = -25. What is the units digit of l?
5
Let i = 8 + 0. Suppose 4*f - 2*b + i = 0, b = 2*f + 6*b + 28. What is the units digit of (-7)/f - (-1)/4?
2
Suppose -g = 3*y + 3*g - 285, 0 = y - 4*g - 95. What is the tens digit of y?
9
Let q = 7 - 22. Let l = -4 - q. What is the tens digit of l?
1
Let s be 22/8 + (-5)/(-20). Suppose 0 = -s*b + b - 4. What is the units digit of (0 - b - 3)*-4?
4
Let b(d) = d**2 + 4*d + 3. Let j be b(-2). Let z = j - -18. What is the tens digit of z?
1
Let t = 61 + 84. What is the units digit of t?
5
Let p = 42 + 46. What is the tens digit of p?
8
Let p(o) = -4*o + 22. What is the tens digit of p(-8)?
5
Suppose -8*h + 487 = -9. What is the tens digit of h?
6
Suppose 2*t - 6 + 78 = 0. Let b = -18 - t. What is the units digit of b?
8
Let h be -4 + -1*20 - 1. Let a = 76 + h. What is the tens digit of a?
5
Suppose -3*l + 2*l + 8 = 0. Let r be ((-3)/(-2))/((-6)/l). Let k = r - -3. What is the units digit of k?
1
Let j = -1 + 13. What is the tens digit of j?
1
Let v(a) = -27*a + 9. Let z(x) = 7*x - 2. Let c(f) = 4*v(f) + 15*z(f). Let p be c(-6). Suppose -3*h + 6*h = p. What is the units digit of h?
8
Suppose 5*w - 5*f = 0, w + 6 = 3*w + f. Let t(z) = -z**2 - z + 24. Let c be t(0). Suppose 5*h = w*i + c, h + 0*i + i - 2 = 0. What is the units digit of h?
4
Let s = -18 - -32. Suppose 0 = 4*f - 3*b + s, -5*b = 2*f - b + 18. What is the units digit of 2/5 + (-18)/f?
4
Let f(m) = m - 6. Let b(k) = -7. Let t(s) = -4*b(s) + 5*f(s). What is the tens digit of t(4)?
1
Suppose 0*t + 3*t = 12. What is the units digit of 744/18 + t/6?
2
Suppose 1 = -2*x - 3. Let o = 4 - x. Suppose -o*i + 2*i + 64 = 0. What is the units digit of i?
6
Let g = 11 + -8. What is the units digit of (9 + -3)*g + -2?
6
Let f be (0 - -5)/(2/(-4)). Suppose 15 = 3*x, -x - x = -5*v + 105. Let h = v + f. What is the tens digit of h?
1
What is the units digit of (-749)/(-21) + 4/(-6)?
5
Suppose -3 - 3 = -4*o - m, 0 = 4*o - 4*m - 16. Suppose 0 = 3*c + o*r - 16, 4*r = -2*c - 3*c + 24. What is the units digit of c?
8
Let c(z) = 4*z + 1. Suppose 3*t - 17 = -2. Suppose -m = 3*m - 4*i - 32, 10 = t*m + i. What is the tens digit of c(m)?
1
Let b = -5 - 3. Let n = 11 + b. Suppose 4*z = 8*z - 5*x - n, 0 = -4*z - 5*x + 53. What is the units digit of z?
7
Let z(h) = h**3 - h**2 - 6*h + 5. What is the tens digit of z(4)?
2
Let m = -17 + 7. Let y be (12/m - -1)*-5. What is the units digit of (-1)/y - (-4 - -2)?
1
Let f(n) = 3*n - 16. Let t be f(11). Let g = t - 4. What is the units digit of g?
3
Suppose 452 = -5*u + 2*k, 3*u + k + k + 268 = 0. Let p = -41 - u. What is the units digit of p?
9
Suppose i - 12 - 5 = -5*x, -5*x - 3*i + 11 = 0. Suppose 3*u = -2*w - 0*w - 10, u + 20 = -x*w. Suppose 4*o + u*o = 28. What is the units digit of o?
7
Let p(s) = s**2 + 10*s - 9. Let u be p(-11). Let o(b) = -b**2 + 5*b + 3. Let d be o(4). Suppose -3*v + d = -u. What is the units digit of v?
3
Let k(g) = -2*g**3 - 13*g**2 - 7*g + 1. What is the units digit of k(-6)?
7
Suppose 42 = c + 4. What is the units digit of c?
8
Suppose 0 = 3*v - 11 - 136. What is the tens digit of v?
4
What is the units digit of 18 + 3 + (0 - 0)?
1
Suppose 3 = 5*y - 2, -d + 8 = 4*y. What is the units digit of d/14 + 204/21?
0
Let c be 11/5 + 8/10. Suppose -n + 78 = 4*u - 62, 3*u - c*n = 90. What is the tens digit of u?
3
Suppose 3*l = -5*s + 1, 4*l - 12 = s - 3. What is the units digit of l?
2
Suppose 0*l + 17 = l. What is the tens digit of l?
1
Suppose 4*h + 8 = -2*z, -2*z + 10 = -2*h - 0*z. Let x = -19 - h. What is the units digit of (-4)/x + 38/8?
5
What is the hundreds digit of (-2636)/(-16) - 8/(-32)?
1
Let r be (-1 - -4)*(-16)/(-6). What is the units digit of (98/r)/(9/36)?
9
Let b = 304 + -135. What is the hundreds digit of b?
1
Suppose p + 4 = 39. What is the tens digit of p?
3
Suppose 170 - 20 = 5*v. What is the units digit of v?
0
Let f(n) = 5*n**3